 s.
7
Let a = 32 - 12. Let o be ((-8)/a)/(3/(-180)). Calculate the highest common factor of 60 and o.
12
Let c(m) = -4*m - 14. Let l be c(-10). Suppose i + i = l. Let r = i - 1. Calculate the greatest common divisor of r and 24.
12
Let x(k) = -k**2 - 30*k - 52. Let n be x(-26). Calculate the highest common divisor of n and 6.
2
Suppose -2*m = -4*i + 44, 0 = -3*m - m - 16. Let d = i + -9. Suppose d = 2*k + 2 - 20. Calculate the highest common factor of k and 18.
9
Let i(l) = l**3 - 45*l**2 + 43*l - 344. Let m be i(45). Calculate the highest common factor of m and 43.
43
Suppose 0 = -4*c - 0*o - o, 0 = 5*c + o - 1. Let n be 0 - (-1 + c) - -11. Suppose 38 = 3*q + n. Calculate the highest common factor of 9 and q.
9
Suppose -3*j + 2*n - 38 = 3*n, -3*j + n - 46 = 0. Let r = j - -17. What is the greatest common factor of 6 and r?
3
Suppose 2*x - 134 + 136 = 0. Let t be x*(-12 + 7 + -2). What is the greatest common factor of t and 119?
7
Let o be -1 + 25 - (5 - 3). Calculate the greatest common factor of o and 121.
11
Suppose 0 = 2*g + 4*m - 20, 2 = 4*g - 3*g - 2*m. What is the highest common factor of 18 and g?
6
Let p be (-3)/(2/(16/12)). Let v be (-24)/(-6) + 3 + p. Let c be 11 - 2/(-1) - -2. Calculate the highest common divisor of v and c.
5
Suppose 3*x - 33 = -3*b, -2*x + 22 = -b - b. Let c be 276/(-8)*2/3. Let t = c - -45. What is the greatest common divisor of t and x?
11
Let p(g) = 15*g**2 + 3*g - 2. Let t be p(2). Let b = -18 + 13. Let k be (-2)/b + t/40. What is the highest common divisor of 2 and k?
2
Suppose 4*f = -29*f + 1980. What is the greatest common divisor of 110 and f?
10
Suppose 2*n = -t + 2682, -8*n + 4*n + t + 5364 = 0. Calculate the greatest common factor of 9 and n.
9
Let y(l) = l**3 + 16*l**2 + 27*l + 28. Let g be y(-14). What is the greatest common factor of g and 294?
42
Let h = 94 + 125. Let x = -43 + h. What is the greatest common factor of 16 and x?
16
Suppose 2*r - 5*k = 79, -3*k + 185 = 5*r - 90. Let v = r - 30. Calculate the highest common divisor of v and 110.
22
Let z = -88 - -90. Suppose -3*r + 45 = z*u, 3*u + 3*r - 20 - 43 = 0. What is the greatest common factor of u and 18?
18
Suppose 354 = 2*n + 4*n. Let r = n - 41. Let v(s) = 48*s. Let a be v(3). Calculate the highest common factor of r and a.
18
Let w = 34 - 29. Suppose 5*b + 35 = -4*j, -w*b - 3*j - 65 = -5*j. Let z(c) = -12*c + 3. Let s be z(b). Calculate the highest common factor of 15 and s.
15
Suppose 4*h - 104 = 2*i - 0*i, 0 = -4*h + i + 108. Suppose h = -45*d + 47*d. Calculate the greatest common divisor of 42 and d.
14
Let z = 182 - 189. Let p(o) = -8 - 6*o + o + o. Let t be p(z). Calculate the greatest common divisor of 4 and t.
4
Let j = 5 + -3. Suppose 0 = -2*c - j*m + 4, 3*c + 4*m + 2 = 8. Suppose -c*t = 3*t - 30. What is the greatest common factor of t and 18?
6
Let q(w) = -w**2 + 19*w - 13. Let b be q(9). Let y = 110 - b. What is the highest common divisor of y and 11?
11
Let r be 126/(-12)*(-12)/7. Suppose l = 5*t - l - 364, -l = -5*t + 362. Calculate the greatest common factor of t and r.
18
Let c be (-1 - 6)/(0 + 1). Suppose -u + 24 - 14 = 3*i, 4*u - 7 = -i. Let q be (c - -4)*(-6 + u). Calculate the highest common divisor of 3 and q.
3
Let h(x) = x**2 - 33*x + 4. Let t be h(0). Let w = 6 - 3. Let f = t - w. What is the greatest common divisor of f and 9?
1
Suppose 4*y + 90 = -y + 2*r, -3*y - 4*r - 28 = 0. Let p = -4 - y. Let s be (-8)/p*(4 - 10). Calculate the highest common divisor of 12 and s.
4
Suppose -v = 3*v - 20. Suppose 0 = -4*p - 8, -43 + 135 = v*q + 4*p. Calculate the greatest common divisor of 5 and q.
5
Let r = 107 - 67. Suppose 0 = 37*w - 17*w - 4000. Calculate the greatest common divisor of w and r.
40
Let i = -132 - -144. What is the greatest common divisor of 372 and i?
12
Let u be (-4)/(-5) - (-296192)/260. Calculate the highest common divisor of 60 and u.
60
Suppose -2*r = -3*y - 265, -r - 50 = 5*y - 189. What is the greatest common divisor of r and 1139?
67
Let a = -516 + 551. What is the highest common factor of 945 and a?
35
Suppose 2*q + p - 17 = 0, -2*q + 2*p + 10 + 4 = 0. Suppose 3*h - 4*a + 5*a - 121 = 0, 4*h + 4*a = 164. Calculate the greatest common divisor of q and h.
8
Suppose -18*c = 247 + 2723. Let p = -141 - c. Calculate the highest common divisor of 156 and p.
12
Suppose -4*n = 2*a, 0 = -6*n + 2*n - a + 2. Let x(f) = 235*f**2 - 2*f + 1. Let c be x(n). What is the greatest common divisor of 26 and c?
26
Let a(u) = -2*u + 35. Let p be a(16). Suppose -4*y + 240 = p*s, 2*y = 5*s - 3*y - 435. Calculate the greatest common divisor of s and 42.
42
Suppose -s + 2*w + 378 = 0, 502 = s + 4*w + 142. What is the highest common divisor of s and 24?
12
Let n be (-32)/16 - (1 + -15). Suppose n + 12 = 3*k - j, k = -3*j - 2. Suppose -3*x = -x - 14. What is the highest common factor of k and x?
7
Let b be (-47)/(-3) + 1/3. Let a(z) = z**3 - 7*z - 3*z**2 + 3 - 3 - 2 + 3. Let o be a(5). Calculate the greatest common divisor of b and o.
16
Let v be 4/(-12) - 1644/(-18). Calculate the highest common factor of v and 13.
13
Suppose -3*q + 20 = 2*q. Suppose -q*a - 2 + 10 = 0. Let d be (3 + -2)/(2/12). Calculate the greatest common factor of a and d.
2
Let l be (-14)/(-4) - 15/10. Let o(m) = 0*m**2 + 5*m**2 - 2 - m + 0 - 1. Let q be o(l). Calculate the highest common factor of q and 75.
15
Suppose j = -10*j + 110. Calculate the highest common divisor of j and 190.
10
Let t = 268 - -257. Let j be 3/2 + t/(-10). Let a be 6/(-9)*1*j. What is the greatest common divisor of a and 17?
17
Let b = -55 - -104. Let l = 81 - b. Calculate the highest common factor of l and 96.
32
Suppose 3*n - 96 - 588 = -5*r, -264 = -2*r + 2*n. What is the greatest common divisor of 243 and r?
27
Suppose -2*a + 103 = 3*u, 19*u - 76 = 17*u - 5*a. Calculate the greatest common factor of 3 and u.
3
Suppose -4*j + j = 3. Let r(i) be the first derivative of -i**2 + 2*i - 38. Let n be r(j). Calculate the highest common factor of n and 12.
4
Let h(a) = -2*a**3 - 9*a**2 - 2*a + 10. Let i be h(-4). Suppose 0 = -3*u + 4 + 2. Calculate the greatest common factor of i and u.
2
Let r(c) = -c + 7. Let w be r(5). Suppose -4*d - 4 = 3*l, 5*l = -d + 6*d + 40. Let u be (26/39)/(l/6). Calculate the highest common factor of w and u.
1
Suppose 59 = 3*m - 19. Let s be 360/14 - (-2)/7. What is the highest common divisor of s and m?
26
Let u(k) = 16*k + 82. Let y be u(31). What is the highest common factor of y and 34?
34
Let x(c) = c**3 + 9*c**2 - 12*c - 20. Let r be x(-12). Let q be ((-5)/4)/(7/r). Calculate the highest common divisor of 11 and q.
11
Let x(u) = 8*u**2 - 2. Let m be x(-3). Suppose 6*i - 43 = 41. What is the highest common divisor of m and i?
14
Let o = 1553 - 1369. Calculate the highest common divisor of 437 and o.
23
Let b = 1575 - 1571. Suppose -3*o = -2*o - 2. Calculate the greatest common divisor of o and b.
2
Let v(c) = -c**3 + 10*c**2 - 8*c - 7. Let o be v(9). Suppose -o*n - l + 13 = n, 2*l + 2 = n. Calculate the highest common factor of 20 and n.
4
Let r(p) = p**3 - 3*p**2 - 2*p - 4. Let j be r(4). Suppose 2*y + 0 = -u + j, 7 = 3*y + 2*u. What is the highest common divisor of y and 3?
1
Let a = 450 + -98. Suppose -4622 = -113*l + 350. Calculate the greatest common factor of a and l.
44
Let j be (-1 + -45)*(7 + 4 - 12). Calculate the highest common divisor of j and 414.
46
Suppose -3*c = -5*b + 23, -c + 21 = 5*b - 2*c. What is the highest common factor of 120 and b?
4
Let x(i) = i. Let b be x(6). Let u = 26761 + -26623. What is the greatest common factor of u and b?
6
Let z be 16/(1 - -3) + 13. Suppose -2*w = -z + 5. Suppose 0 = 3*m - 5*m + w. What is the greatest common factor of 9 and m?
3
Let b be 0 + (-1 - -18) + -2. Let d = 3 + b. Let c be 1 + 3 - 2/1. Calculate the highest common divisor of d and c.
2
Suppose -455 = -11*w - 2*w. Suppose n + 4 - w = j, -5*n - 4*j = -128. What is the greatest common divisor of 4 and n?
4
Let a = 1153 - 1091. What is the greatest common factor of 31 and a?
31
Suppose 0 = -3*x + 4*x - 2. Suppose 0*z = -3*i - 2*z + 230, -x*i + 155 = z. What is the greatest common factor of 32 and i?
16
Let z = 75 + -73. Suppose -z*h + 54 = -0*h. Calculate the greatest common factor of h and 243.
27
Suppose -4*n = -10*a + 7*a - 41, 46 = 4*n -